{"id":307,"date":"2022-10-27T10:48:27","date_gmt":"2022-10-27T08:48:27","guid":{"rendered":"http:\/\/umkjlli.cluster030.hosting.ovh.net\/?page_id=307"},"modified":"2024-08-01T12:06:43","modified_gmt":"2024-08-01T10:06:43","slug":"nos-sources","status":"publish","type":"page","link":"http:\/\/collegiale-saint-piat-seclin.fr\/?page_id=307","title":{"rendered":"Nos sources"},"content":{"rendered":"\n<p class=\"has-extra-small-font-size\"><br>Mis \u00e0 jour le 1er ao\u00fbt 2024<\/p>\n\n\n\n<p class=\"has-large-font-size\"><strong>Bibliographie<\/strong><\/p>\n\n\n\n<p>&#8211;\u00a0Anonyme, <em>Notice historique sur saint Piat<\/em>, Lefort, libraire \u00e0 Lille, 1886<br>&#8211;\u00a0Anonyme, <em>25<\/em><sup><em>\u00e8me<\/em><\/sup><em> anniversaire de la Saint-Piat<\/em>, Imprimerie Deruelle, 1937<br>&#8211;\u00a0Bacqueville Philippe, <em>Seclin 1914-1918, Histoire d\u2019une occupation<\/em>, Soci\u00e9t\u00e9 Historique de Seclin, 2007 &amp; <em>La vie musicale \u00e0 Seclin aux XIX\u00b0 et XX\u00b0 si\u00e8cles<\/em>, Soci\u00e9t\u00e9 Historique de Seclin, 2015<br>&#8211;\u00a0Barroux Robert, <em>Dagobert, roi des Francs<\/em>, Payot, 1938<br>&#8211;\u00a0Calis Maxime, <em>Chapelles et \u00e9glises<\/em>, Office de tourisme de Seclin &amp; environs, sd<br>&#8211;\u00a0Collectif, <em>Coll\u00e9giale Saint-Piat de Seclin<\/em>, \u00e9dit\u00e9 par l\u2019Office de tourisme de Seclin et environs, 2019<br>&#8211;\u00a0Duquesne Jacques, <em>Saint \u00c9loi<\/em>, Fayard, 1985<br>&#8211;\u00a0Flamme J.B., <em>Histoire de la ville de Tournai,<\/em> 1839<br>&#8211;\u00a0Hugot G\u00e9rard, <em>La bataille de Mons-en-P\u00e9v\u00e8le \u2013 18 ao\u00fbt 1304<\/em>, Association Mons-en-P\u00e9v\u00e8le 2004, 2003 &amp; <em>Mons-en-P\u00e9v\u00e8le 18 ao\u00fbt 1304, la revanche de Philippe le Bel<\/em>, \u00c9ditions Historic\u2018one, 2015, &amp; <em>La Croix de Malte et le ch\u0153ur de la coll\u00e9giale Saint-Piat<\/em>, Sauvegarde de la coll\u00e9giale St Piat, 2014<br>&#8211;\u00a0Larrouqu\u00e8re Dani\u00e8le, <em>Divers faits \u00e0 Seclin, 1871 \u00e0 1955<\/em>, chez l\u2019auteure, avril 2005<br>&#8211;\u00a0Lassauni\u00e8re Guillaume, <em>Les d\u00e9buts du christianisme \u00e0 Seclin, entre l\u00e9gendes et r\u00e9alit\u00e9<\/em>, Lille, DRAC, 2013<br>&#8211;\u00a0Leduc Alain, <em>Seclin<\/em>, Messidor, 1990<br>&#8211; Lerouge Dani\u00e8le, <em>La R\u00e9volution \u00e0 Seclin<\/em>, Association G\u00e9n\u00e9alo 59-62-02-Belgique, 2020<br>&#8211;\u00a0Leuridan Th\u00e9odore, chanoine, <em>Histoire de Seclin<\/em>, Tome 1, Descl\u00e9e de Brouwer, Lille, 1929<br>&#8211;\u00a0Lotth\u00e9 Ernest, Mgr, <em>Les \u00e9glises de la Flandre fran\u00e7aise<\/em>, Silic, Lille, 1942<br>&#8211;\u00a0Mulier Jean-Baptiste, <em>Souvenirs<\/em>, \u00c9ditions Kim, Dunkerque, 1983<br>&#8211;\u00a0MulierJean-Francis, <em>Notices, historique du carillon<\/em> &amp; <em>Le carillon f\u00eate ses 75 ans<\/em>, chez l\u2019auteur, 2008<br>&#8211;\u00a0Navez Pierre-Louis, chanoine, <em>La tenture des saints Piat et \u00c9leuth\u00e8re dans la cath\u00e9drale de Tournai<\/em>, Les Amis de la cath\u00e9drale de Tournai, 2014<br>&#8211;\u00a0Pierrard Pierre, (dir.), <em>Histoire des dioc\u00e8ses de Cambrai et Lille<\/em>, Editions Beauchesne, 1997<br>&#8211;\u00a0Mabille de Poncheville A, <em>Les saints de Flandre et d\u2019Artois<\/em>, Arthaud, 1949<br>&#8211;\u00a0Pruvost S, abb\u00e9, <em>Saint Piat, martyr, ap\u00f4tre du Tournaisis, patron de Seclin<\/em>, Lille, 1922<br>&#8211;\u00a0Thorez Jean-Paul, <em>Tr\u00e9sors de la coll\u00e9giale Saint-Piat<\/em>, tome 1, 2004 et tome 2, 2006, Sauvegarde de la coll\u00e9giale Saint-Piat &amp; <em>Saint Piat, un missionnaire des premiers temps<\/em>, Edition Fleur d\u2019espoir 2009 &amp; <em>Seclin\u2019solite<\/em>, volumes 1 et 2, Fleur d\u2019espoir 2010 et 2012, &amp; <em>Les secrets de la coll\u00e9giale Saint-Piat de Seclin<\/em>, Fleur d\u2019espoir 2017<br>&#8211;\u00a0Van der Essen L\u00e9on, <em>Le si\u00e8cle des saints (625-739)<\/em> Bruxelles, 1948<\/p>\n\n\n\n<p class=\"has-large-font-size\"><strong>Presse et revues<\/strong><\/p>\n\n\n\n<p><em>La Croix du Nord<\/em><br><em>La Voix du Nord<\/em><br><em>Bulletin Coll\u00e9gial\u2019Info<\/em>, de la Sauvegarde de la coll\u00e9giale Saint-Piat de Seclin<br><em>Bulletin<\/em> de la Soci\u00e9t\u00e9 d\u2019\u00c9tudes de la Province de Cambrai<br><em>Bulletin<\/em> de la Soci\u00e9t\u00e9 Historique de Seclin<br><em>L\u2019Hebdo seclinois<\/em> (Ville de Seclin)<br><em>Seclin Magazine<\/em> (Ville de Seclin)<br><em>Le Nord<\/em>, magazine du Conseil d\u00e9partemental du Nord<br><em>Seclin ma ville<\/em> (Ville de Seclin)<br>Revue <em>Arch\u00e9ologie m\u00e9di\u00e9vale<\/em>, (http:\/\/archeomed.cnrs.fr)<\/p>\n\n\n\n<p><\/p>\n\n\n\n<p class=\"has-large-font-size\"><strong>Documents mis \u00e0 la disposition du public par<\/strong><\/p>\n\n\n\n<p>&#8211; La Ville de Seclin, pour les Journ\u00e9es du patrimoine<br>&#8211; Le Syndicat d\u2019Initiative <em>Les Amis de Seclin<\/em><br>&#8211; Le Centre arch\u00e9ologique de Seclin<br>&#8211; L\u2019Office de tourisme de Seclin et environs, devenu Seclin M\u00e9lantois Tourisme<\/p>\n","protected":false},"excerpt":{"rendered":"<p>Mis \u00e0 jour le 1er ao\u00fbt 2024 Bibliographie &#8211;\u00a0Anonyme, Notice historique sur saint Piat, Lefort, libraire \u00e0 Lille, 1886&#8211;\u00a0Anonyme, 25\u00e8me anniversaire de la Saint-Piat, Imprimerie Deruelle, 1937&#8211;\u00a0Bacqueville Philippe, Seclin 1914-1918, Histoire d\u2019une occupation, Soci\u00e9t\u00e9 Historique de Seclin, 2007 &amp; La vie musicale \u00e0 Seclin aux XIX\u00b0 et XX\u00b0 si\u00e8cles, Soci\u00e9t\u00e9 Historique de Seclin, 2015&#8211;\u00a0Barroux Robert,&hellip; <a class=\"more-link\" href=\"http:\/\/collegiale-saint-piat-seclin.fr\/?page_id=307\">Poursuivre la lecture <span class=\"screen-reader-text\">Nos sources<\/span><\/a><\/p>\n","protected":false},"author":1,"featured_media":0,"parent":300,"menu_order":0,"comment_status":"closed","ping_status":"closed","template":"","meta":{"footnotes":""},"class_list":["post-307","page","type-page","status-publish","hentry","entry"],"_links":{"self":[{"href":"http:\/\/collegiale-saint-piat-seclin.fr\/index.php?rest_route=\/wp\/v2\/pages\/307","targetHints":{"allow":["GET"]}}],"collection":[{"href":"http:\/\/collegiale-saint-piat-seclin.fr\/index.php?rest_route=\/wp\/v2\/pages"}],"about":[{"href":"http:\/\/collegiale-saint-piat-seclin.fr\/index.php?rest_route=\/wp\/v2\/types\/page"}],"author":[{"embeddable":true,"href":"http:\/\/collegiale-saint-piat-seclin.fr\/index.php?rest_route=\/wp\/v2\/users\/1"}],"replies":[{"embeddable":true,"href":"http:\/\/collegiale-saint-piat-seclin.fr\/index.php?rest_route=%2Fwp%2Fv2%2Fcomments&post=307"}],"version-history":[{"count":5,"href":"http:\/\/collegiale-saint-piat-seclin.fr\/index.php?rest_route=\/wp\/v2\/pages\/307\/revisions"}],"predecessor-version":[{"id":1004,"href":"http:\/\/collegiale-saint-piat-seclin.fr\/index.php?rest_route=\/wp\/v2\/pages\/307\/revisions\/1004"}],"up":[{"embeddable":true,"href":"http:\/\/collegiale-saint-piat-seclin.fr\/index.php?rest_route=\/wp\/v2\/pages\/300"}],"wp:attachment":[{"href":"http:\/\/collegiale-saint-piat-seclin.fr\/index.php?rest_route=%2Fwp%2Fv2%2Fmedia&parent=307"}],"curies":[{"name":"wp","href":"https:\/\/api.w.org\/{rel}","templated":true}]}}

<p class="has-extra-small-font-size"><br>Mis à jour le 1er août 2024</p>



<p class="has-large-font-size"><strong>Bibliographie</strong></p>



<p>&#8211; Anonyme, <em>Notice historique sur saint Piat</em>, Lefort, libraire à Lille, 1886<br>&#8211; Anonyme, <em>25</em><sup><em>ème</em></sup><em> anniversaire de la Saint-Piat</em>, Imprimerie Deruelle, 1937<br>&#8211; Bacqueville Philippe, <em>Seclin 1914-1918, Histoire d’une occupation</em>, Société Historique de Seclin, 2007 &amp; <em>La vie musicale à Seclin aux XIX° et XX° siècles</em>, Société Historique de Seclin, 2015<br>&#8211; Barroux Robert, <em>Dagobert, roi des Francs</em>, Payot, 1938<br>&#8211; Calis Maxime, <em>Chapelles et églises</em>, Office de tourisme de Seclin &amp; environs, sd<br>&#8211; Collectif, <em>Collégiale Saint-Piat de Seclin</em>, édité par l’Office de tourisme de Seclin et environs, 2019<br>&#8211; Duquesne Jacques, <em>Saint Éloi</em>, Fayard, 1985<br>&#8211; Flamme J.B., <em>Histoire de la ville de Tournai,</em> 1839<br>&#8211; Hugot Gérard, <em>La bataille de Mons-en-Pévèle – 18 août 1304</em>, Association Mons-en-Pévèle 2004, 2003 &amp; <em>Mons-en-Pévèle 18 août 1304, la revanche de Philippe le Bel</em>, Éditions Historic‘one, 2015, &amp; <em>La Croix de Malte et le chœur de la collégiale Saint-Piat</em>, Sauvegarde de la collégiale St Piat, 2014<br>&#8211; Larrouquère Danièle, <em>Divers faits à Seclin, 1871 à 1955</em>, chez l’auteure, avril 2005<br>&#8211; Lassaunière Guillaume, <em>Les débuts du christianisme à Seclin, entre légendes et réalité</em>, Lille, DRAC, 2013<br>&#8211; Leduc Alain, <em>Seclin</em>, Messidor, 1990<br>&#8211; Lerouge Danièle, <em>La Révolution à Seclin</em>, Association Généalo 59-62-02-Belgique, 2020<br>&#8211; Leuridan Théodore, chanoine, <em>Histoire de Seclin</em>, Tome 1, Desclée de Brouwer, Lille, 1929<br>&#8211; Lotthé Ernest, Mgr, <em>Les églises de la Flandre française</em>, Silic, Lille, 1942<br>&#8211; Mulier Jean-Baptiste, <em>Souvenirs</em>, Éditions Kim, Dunkerque, 1983<br>&#8211; MulierJean-Francis, <em>Notices, historique du carillon</em> &amp; <em>Le carillon fête ses 75 ans</em>, chez l’auteur, 2008<br>&#8211; Navez Pierre-Louis, chanoine, <em>La tenture des saints Piat et Éleuthère dans la cathédrale de Tournai</em>, Les Amis de la cathédrale de Tournai, 2014<br>&#8211; Pierrard Pierre, (dir.), <em>Histoire des diocèses de Cambrai et Lille</em>, Editions Beauchesne, 1997<br>&#8211; Mabille de Poncheville A, <em>Les saints de Flandre et d’Artois</em>, Arthaud, 1949<br>&#8211; Pruvost S, abbé, <em>Saint Piat, martyr, apôtre du Tournaisis, patron de Seclin</em>, Lille, 1922<br>&#8211; Thorez Jean-Paul, <em>Trésors de la collégiale Saint-Piat</em>, tome 1, 2004 et tome 2, 2006, Sauvegarde de la collégiale Saint-Piat &amp; <em>Saint Piat, un missionnaire des premiers temps</em>, Edition Fleur d’espoir 2009 &amp; <em>Seclin’solite</em>, volumes 1 et 2, Fleur d’espoir 2010 et 2012, &amp; <em>Les secrets de la collégiale Saint-Piat de Seclin</em>, Fleur d’espoir 2017<br>&#8211; Van der Essen Léon, <em>Le siècle des saints (625-739)</em> Bruxelles, 1948</p>



<p class="has-large-font-size"><strong>Presse et revues</strong></p>



<p><em>La Croix du Nord</em><br><em>La Voix du Nord</em><br><em>Bulletin Collégial’Info</em>, de la Sauvegarde de la collégiale Saint-Piat de Seclin<br><em>Bulletin</em> de la Société d’Études de la Province de Cambrai<br><em>Bulletin</em> de la Société Historique de Seclin<br><em>L’Hebdo seclinois</em> (Ville de Seclin)<br><em>Seclin Magazine</em> (Ville de Seclin)<br><em>Le Nord</em>, magazine du Conseil départemental du Nord<br><em>Seclin ma ville</em> (Ville de Seclin)<br>Revue <em>Archéologie médiévale</em>, (http://archeomed.cnrs.fr)</p>



<p></p>



<p class="has-large-font-size"><strong>Documents mis à la disposition du public par</strong></p>



<p>&#8211; La Ville de Seclin, pour les Journées du patrimoine<br>&#8211; Le Syndicat d’Initiative <em>Les Amis de Seclin</em><br>&#8211; Le Centre archéologique de Seclin<br>&#8211; L’Office de tourisme de Seclin et environs, devenu Seclin Mélantois Tourisme</p>

<p>Mis à jour le 1er août 2024 Bibliographie &#8211; Anonyme, Notice historique sur saint Piat, Lefort, libraire à Lille, 1886&#8211; Anonyme, 25ème anniversaire de la Saint-Piat, Imprimerie Deruelle, 1937&#8211; Bacqueville Philippe, Seclin 1914-1918, Histoire d’une occupation, Société Historique de Seclin, 2007 &amp; La vie musicale à Seclin aux XIX° et XX° siècles, Société Historique de Seclin, 2015&#8211; Barroux Robert,&hellip; <a class="more-link" href="http://collegiale-saint-piat-seclin.fr/?page_id=307">Poursuivre la lecture <span class="screen-reader-text">Nos sources</span></a></p>
