{"id":2,"date":"2022-09-07T15:04:20","date_gmt":"2022-09-07T13:04:20","guid":{"rendered":"http:\/\/umkjlli.cluster030.hosting.ovh.net\/?page_id=2"},"modified":"2024-11-25T11:41:37","modified_gmt":"2024-11-25T10:41:37","slug":"page-d-exemple","status":"publish","type":"page","link":"http:\/\/collegiale-saint-piat-seclin.fr\/","title":{"rendered":"Bienvenue"},"content":{"rendered":"\n<div class=\"wp-block-group has-white-background-color has-background\"><div class=\"wp-block-group__inner-container is-layout-flow wp-block-group-is-layout-flow\">\n<figure class=\"wp-block-image size-large is-resized is-style-twentytwentyone-border\"><img loading=\"lazy\" decoding=\"async\" width=\"768\" height=\"1024\" src=\"http:\/\/collegiale-saint-piat-seclin.fr\/wp-content\/uploads\/2022\/11\/collegiale-moi-768x1024.jpg\" alt=\"\" class=\"wp-image-429\" style=\"width:456px;height:608px\" srcset=\"http:\/\/collegiale-saint-piat-seclin.fr\/wp-content\/uploads\/2022\/11\/collegiale-moi-768x1024.jpg 768w, http:\/\/collegiale-saint-piat-seclin.fr\/wp-content\/uploads\/2022\/11\/collegiale-moi-225x300.jpg 225w, http:\/\/collegiale-saint-piat-seclin.fr\/wp-content\/uploads\/2022\/11\/collegiale-moi-1152x1536.jpg 1152w, http:\/\/collegiale-saint-piat-seclin.fr\/wp-content\/uploads\/2022\/11\/collegiale-moi-1536x2048.jpg 1536w, http:\/\/collegiale-saint-piat-seclin.fr\/wp-content\/uploads\/2022\/11\/collegiale-moi-1568x2091.jpg 1568w, http:\/\/collegiale-saint-piat-seclin.fr\/wp-content\/uploads\/2022\/11\/collegiale-moi-scaled.jpg 1920w\" sizes=\"auto, (max-width: 768px) 100vw, 768px\" \/><figcaption class=\"wp-element-caption\">Coll\u00e9giale Saint-Piat de Seclin<\/figcaption><\/figure>\n\n\n\n<p class=\"has-text-align-left has-white-background-color has-background has-large-font-size\">Bienvenue sur le site officiel de l&rsquo;<strong>Association de la Sauvegarde de la Coll\u00e9giale Saint-Piat<\/strong> de Seclin. <\/p>\n\n\n\n<p>Vous y trouverez  des informations concernant l&rsquo;historique de l&rsquo;association et les manifestations programm\u00e9es par elle-m\u00eame ou par d&rsquo;autres organismes avec lesquels nous sommes en lien. Des chapitres se rapportent \u00e0 l&rsquo;histoire de la coll\u00e9giale et son patrimoine.<\/p>\n\n\n\n<p>Enfin, le site comporte les indications n\u00e9cessaires pour entrer en contact avec nous, adh\u00e9rer si vous le souhaitez ou apporter votre coop\u00e9ration pour l&rsquo;entretien et l&#8217;embellissement de ce joyau du M\u00e9lantois qu&rsquo;est la coll\u00e9giale Saint-Piat, monument historique dont la Ville est propri\u00e9taire.<\/p>\n\n\n\n<p><strong>Qui sommes-nous ?<\/strong><\/p>\n\n\n\n<p>Nous formons une \u00e9quipe de b\u00e9n\u00e9voles, chacune et chacun avec ses opinions mais n&rsquo;ayant toutes et tous qu&rsquo;une seule ambition, celle de faire rayonner la coll\u00e9giale, et cela dans le cadre des objectifs fix\u00e9s par les statuts de l&rsquo;association : \u00ab&nbsp;<em>Collaborer avec l\u2019\u00c9tat, le D\u00e9partement et la Ville de Seclin pour entreprendre les travaux n\u00e9cessaires \u00e0 la conservation, la protection et la mise en valeur du patrimoine que constitue la coll\u00e9giale Saint-Piat (et les objets d\u2019art qu\u2019elle renferme) et mettre en \u0153uvre les moyens utiles pour son entretien et sa restauration&nbsp;<\/em>\u00bb.<\/p>\n\n\n\n<p>Concr\u00e8tement, nous coop\u00e9rons avec&nbsp;: la Ville de Seclin, la paroisse, les Monuments Historiques, la Direction R\u00e9gionale des Affaires Culturelles, Seclin M\u00e9lantois Tourisme, la Section vid\u00e9o du club informatique de Seclin, le Centre arch\u00e9ologique de Seclin et M. Luc-Beno\u00eet Brouard, ma\u00eetre-verrier.<\/p>\n\n\n\n<p>L\u2019association a \u00e9t\u00e9 cr\u00e9\u00e9e en 1999 par Jean-Marie Coignion, d\u00e9c\u00e9d\u00e9 le 23 mai 2009&nbsp;; son \u00e9pouse, Colette, a pris le relais apr\u00e8s son d\u00e9c\u00e8s.<\/p>\n\n\n\n<p>L\u2019association est dirig\u00e9e par un Conseil d\u2019administration compos\u00e9 de 15 membres \u00e9lus et de 2 membres de droit\u00a0: le maire de Seclin et le cur\u00e9 de la paroisse.<\/p>\n<\/div><\/div>\n\n\n\n<figure class=\"wp-block-image size-full is-style-rounded\"><img loading=\"lazy\" decoding=\"async\" width=\"813\" height=\"832\" src=\"http:\/\/collegiale-saint-piat-seclin.fr\/wp-content\/uploads\/2022\/09\/collegiale-saint-piat-seclin.jpg\" alt=\"\" class=\"wp-image-24\" srcset=\"http:\/\/collegiale-saint-piat-seclin.fr\/wp-content\/uploads\/2022\/09\/collegiale-saint-piat-seclin.jpg 813w, http:\/\/collegiale-saint-piat-seclin.fr\/wp-content\/uploads\/2022\/09\/collegiale-saint-piat-seclin-293x300.jpg 293w, http:\/\/collegiale-saint-piat-seclin.fr\/wp-content\/uploads\/2022\/09\/collegiale-saint-piat-seclin-768x786.jpg 768w\" sizes=\"auto, (max-width: 813px) 100vw, 813px\" \/><figcaption class=\"wp-element-caption\">Int\u00e9rieur de la coll\u00e9giale Saint-Piat (Photo Ville Seclin)<\/figcaption><\/figure>\n\n\n\n<hr class=\"wp-block-separator has-alpha-channel-opacity\"\/>\n","protected":false},"excerpt":{"rendered":"<p>Bienvenue sur le site officiel de l&rsquo;Association de la Sauvegarde de la Coll\u00e9giale Saint-Piat de Seclin. Vous y trouverez des informations concernant l&rsquo;historique de l&rsquo;association et les manifestations programm\u00e9es par elle-m\u00eame ou par d&rsquo;autres organismes avec lesquels nous sommes en lien. Des chapitres se rapportent \u00e0 l&rsquo;histoire de la coll\u00e9giale et son patrimoine. Enfin, le&hellip; <a class=\"more-link\" href=\"http:\/\/collegiale-saint-piat-seclin.fr\/\">Poursuivre la lecture <span class=\"screen-reader-text\">Bienvenue<\/span><\/a><\/p>\n","protected":false},"author":1,"featured_media":0,"parent":0,"menu_order":0,"comment_status":"closed","ping_status":"open","template":"","meta":{"footnotes":""},"class_list":["post-2","page","type-page","status-publish","hentry","entry"],"_links":{"self":[{"href":"http:\/\/collegiale-saint-piat-seclin.fr\/index.php?rest_route=\/wp\/v2\/pages\/2","targetHints":{"allow":["GET"]}}],"collection":[{"href":"http:\/\/collegiale-saint-piat-seclin.fr\/index.php?rest_route=\/wp\/v2\/pages"}],"about":[{"href":"http:\/\/collegiale-saint-piat-seclin.fr\/index.php?rest_route=\/wp\/v2\/types\/page"}],"author":[{"embeddable":true,"href":"http:\/\/collegiale-saint-piat-seclin.fr\/index.php?rest_route=\/wp\/v2\/users\/1"}],"replies":[{"embeddable":true,"href":"http:\/\/collegiale-saint-piat-seclin.fr\/index.php?rest_route=%2Fwp%2Fv2%2Fcomments&post=2"}],"version-history":[{"count":20,"href":"http:\/\/collegiale-saint-piat-seclin.fr\/index.php?rest_route=\/wp\/v2\/pages\/2\/revisions"}],"predecessor-version":[{"id":1094,"href":"http:\/\/collegiale-saint-piat-seclin.fr\/index.php?rest_route=\/wp\/v2\/pages\/2\/revisions\/1094"}],"wp:attachment":[{"href":"http:\/\/collegiale-saint-piat-seclin.fr\/index.php?rest_route=%2Fwp%2Fv2%2Fmedia&parent=2"}],"curies":[{"name":"wp","href":"https:\/\/api.w.org\/{rel}","templated":true}]}}