{"id":101,"date":"2022-10-24T14:45:43","date_gmt":"2022-10-24T12:45:43","guid":{"rendered":"http:\/\/umkjlli.cluster030.hosting.ovh.net\/?page_id=101"},"modified":"2023-10-21T10:42:24","modified_gmt":"2023-10-21T08:42:24","slug":"les-origines","status":"publish","type":"page","link":"http:\/\/collegiale-saint-piat-seclin.fr\/?page_id=101","title":{"rendered":"Les origines"},"content":{"rendered":"\n<p class=\"has-extra-small-font-size\"><br>Mis \u00e0 jour le 11 f\u00e9vrier 2023<\/p>\n\n\n\n<p style=\"font-size:32px\"><strong>Aux origines, un martyr&nbsp;: saint Piat<\/strong><\/p>\n\n\n\n<p>La coll\u00e9giale Saint-Piat dresse sa haute silhouette sur la ville de Seclin&nbsp;; c\u2019est l\u2019un des plus anciens \u00e9difices religieux de notre r\u00e9gion. L\u2019origine du culte \u00e0 saint Piat remonte \u00e0 un peu plus de 1&nbsp;700 ans. En effet, Piatus, venu d\u2019Italie \u00e0 Tournai pour \u00e9vang\u00e9liser le nord de la Gaule, fut martyris\u00e9 \u00e0 Seclin, en l\u2019an 287, sous le r\u00e8gne de l\u2019empereur romain Diocl\u00e9tien (284-305). Lors des \u00e9poques de pers\u00e9cutions, les chr\u00e9tiens prenaient soin de recueillir les corps des martyrs et de les ensevelir, souvent dans un sarcophage, sur le lieu o\u00f9 ils avaient p\u00e9ri&nbsp;; puis, lorsque les circonstances le permettaient, une petite chapelle \u00e9tait \u00e9rig\u00e9e, au-dessus du tombeau lui-m\u00eame. Quatre si\u00e8cles plus tard, saint \u00c9loi, orf\u00e8vre r\u00e9put\u00e9 puis conseiller et ministre du roi Dagobert (600-639), se mit en devoir de sillonner nos contr\u00e9es afin de retrouver et d\u2019honorer les restes des martyrs, parmi lesquels saint Piat. Alors \u00e9v\u00eaque de Noyon et Tournai, il vint \u00e0 Seclin, vers 640-650, et red\u00e9couvrit les ossements qui devinrent, aux yeux de saint \u00c9loi et des fid\u00e8les, des reliques. Ainsi s\u2019instaura le culte \u00e0 saint Piat et commen\u00e7a une mission d\u2019\u00e9vang\u00e9lisation.<\/p>\n\n\n<div class=\"wp-block-image is-style-twentytwentyone-border\">\n<figure class=\"alignright size-medium\"><img loading=\"lazy\" decoding=\"async\" width=\"300\" height=\"199\" src=\"http:\/\/umkjlli.cluster030.hosting.ovh.net\/wp-content\/uploads\/2022\/10\/HCO16-300x199.jpg\" alt=\"\" class=\"wp-image-102\" srcset=\"http:\/\/collegiale-saint-piat-seclin.fr\/wp-content\/uploads\/2022\/10\/HCO16-300x199.jpg 300w, http:\/\/collegiale-saint-piat-seclin.fr\/wp-content\/uploads\/2022\/10\/HCO16-1024x681.jpg 1024w, http:\/\/collegiale-saint-piat-seclin.fr\/wp-content\/uploads\/2022\/10\/HCO16-768x511.jpg 768w, http:\/\/collegiale-saint-piat-seclin.fr\/wp-content\/uploads\/2022\/10\/HCO16-1536x1021.jpg 1536w, http:\/\/collegiale-saint-piat-seclin.fr\/wp-content\/uploads\/2022\/10\/HCO16-2048x1362.jpg 2048w, http:\/\/collegiale-saint-piat-seclin.fr\/wp-content\/uploads\/2022\/10\/HCO16-1568x1043.jpg 1568w\" sizes=\"auto, (max-width: 300px) 100vw, 300px\" \/><figcaption class=\"wp-element-caption\">Le tombeau de saint Piat<\/figcaption><\/figure>\n<\/div>\n\n\n<p>Saint Eloi construisit un \u00e9l\u00e9gant mausol\u00e9e sur le tombeau de saint Piat. Les arch\u00e9ologues de Seclin en retrouv\u00e8rent les fondations lors des fouilles qu\u2019ils entreprirent rue Abb\u00e9 Bonpain, en 2011. Il fut d\u00e9truit par la suite, les ossements de saint Piat \u00e9tant alors transf\u00e9r\u00e9s dans le tombeau de la crypte sous la coll\u00e9giale romane en construction. Dans le chapitre \u00ab&nbsp;Les fouilles, un pass\u00e9 red\u00e9couvert&nbsp;\u00bb des explications sont fournies concernant la d\u00e9couverte de l\u2019ancien mausol\u00e9e.<br><\/p>\n\n\n<div class=\"wp-block-image is-style-twentytwentyone-border\">\n<figure class=\"alignright size-medium\"><img loading=\"lazy\" decoding=\"async\" width=\"199\" height=\"300\" src=\"http:\/\/umkjlli.cluster030.hosting.ovh.net\/wp-content\/uploads\/2022\/10\/HCO17-199x300.jpg\" alt=\"\" class=\"wp-image-103\" srcset=\"http:\/\/collegiale-saint-piat-seclin.fr\/wp-content\/uploads\/2022\/10\/HCO17-199x300.jpg 199w, http:\/\/collegiale-saint-piat-seclin.fr\/wp-content\/uploads\/2022\/10\/HCO17-681x1024.jpg 681w, http:\/\/collegiale-saint-piat-seclin.fr\/wp-content\/uploads\/2022\/10\/HCO17-768x1155.jpg 768w, http:\/\/collegiale-saint-piat-seclin.fr\/wp-content\/uploads\/2022\/10\/HCO17-1021x1536.jpg 1021w, http:\/\/collegiale-saint-piat-seclin.fr\/wp-content\/uploads\/2022\/10\/HCO17-1362x2048.jpg 1362w, http:\/\/collegiale-saint-piat-seclin.fr\/wp-content\/uploads\/2022\/10\/HCO17-1568x2358.jpg 1568w, http:\/\/collegiale-saint-piat-seclin.fr\/wp-content\/uploads\/2022\/10\/HCO17-scaled.jpg 1702w\" sizes=\"auto, (max-width: 199px) 100vw, 199px\" \/><figcaption class=\"wp-element-caption\">La lame fun\u00e9raire <\/figcaption><\/figure>\n<\/div>\n\n\n<p>Dat\u00e9e des ann\u00e9es 1250-1260, la lame fun\u00e9raire est en pierre bleue de Tournai. Ses dimensions sont plus grandes que celles du tombeau qu&rsquo;elle surmonte. Bris\u00e9e en trois morceaux rassembl\u00e9s par des crochets m\u00e9talliques, elle est soutenue par trois colonnettes. Un moulage de cette lame a \u00e9t\u00e9 fait par le Centre arch\u00e9ologique de la Ville ; il est fix\u00e9 dans le transept sud sur le mur faisant face \u00e0 l&rsquo;autel de saint Piat.<\/p>\n\n\n<div class=\"wp-block-image is-style-twentytwentyone-border\">\n<figure class=\"alignleft size-medium\"><img loading=\"lazy\" decoding=\"async\" width=\"225\" height=\"300\" src=\"http:\/\/umkjlli.cluster030.hosting.ovh.net\/wp-content\/uploads\/2022\/10\/HCO18-225x300.jpg\" alt=\"\" class=\"wp-image-110\" srcset=\"http:\/\/collegiale-saint-piat-seclin.fr\/wp-content\/uploads\/2022\/10\/HCO18-225x300.jpg 225w, http:\/\/collegiale-saint-piat-seclin.fr\/wp-content\/uploads\/2022\/10\/HCO18-768x1024.jpg 768w, http:\/\/collegiale-saint-piat-seclin.fr\/wp-content\/uploads\/2022\/10\/HCO18-1152x1536.jpg 1152w, http:\/\/collegiale-saint-piat-seclin.fr\/wp-content\/uploads\/2022\/10\/HCO18-1536x2048.jpg 1536w, http:\/\/collegiale-saint-piat-seclin.fr\/wp-content\/uploads\/2022\/10\/HCO18-1568x2091.jpg 1568w, http:\/\/collegiale-saint-piat-seclin.fr\/wp-content\/uploads\/2022\/10\/HCO18-scaled.jpg 1920w\" sizes=\"auto, (max-width: 225px) 100vw, 225px\" \/><figcaption class=\"wp-element-caption\">Moulage de la lame fun\u00e9raire<\/figcaption><\/figure>\n<\/div>\n\n\n<p><\/p>\n\n\n\n<p><\/p>\n\n\n\n<p><\/p>\n\n\n\n<p><\/p>\n\n\n\n<p><\/p>\n\n\n\n<p><\/p>\n\n\n\n<p><\/p>\n\n\n\n<hr class=\"wp-block-separator has-alpha-channel-opacity\"\/>\n\n\n\n<p><\/p>\n\n\n\n<p><\/p>\n\n\n\n<p><\/p>\n","protected":false},"excerpt":{"rendered":"<p>Mis \u00e0 jour le 11 f\u00e9vrier 2023 Aux origines, un martyr&nbsp;: saint Piat La coll\u00e9giale Saint-Piat dresse sa haute silhouette sur la ville de Seclin&nbsp;; c\u2019est l\u2019un des plus anciens \u00e9difices religieux de notre r\u00e9gion. L\u2019origine du culte \u00e0 saint Piat remonte \u00e0 un peu plus de 1&nbsp;700 ans. En effet, Piatus, venu d\u2019Italie \u00e0&hellip; <a class=\"more-link\" href=\"http:\/\/collegiale-saint-piat-seclin.fr\/?page_id=101\">Poursuivre la lecture <span class=\"screen-reader-text\">Les origines<\/span><\/a><\/p>\n","protected":false},"author":1,"featured_media":0,"parent":98,"menu_order":0,"comment_status":"closed","ping_status":"closed","template":"","meta":{"footnotes":""},"class_list":["post-101","page","type-page","status-publish","hentry","entry"],"_links":{"self":[{"href":"http:\/\/collegiale-saint-piat-seclin.fr\/index.php?rest_route=\/wp\/v2\/pages\/101","targetHints":{"allow":["GET"]}}],"collection":[{"href":"http:\/\/collegiale-saint-piat-seclin.fr\/index.php?rest_route=\/wp\/v2\/pages"}],"about":[{"href":"http:\/\/collegiale-saint-piat-seclin.fr\/index.php?rest_route=\/wp\/v2\/types\/page"}],"author":[{"embeddable":true,"href":"http:\/\/collegiale-saint-piat-seclin.fr\/index.php?rest_route=\/wp\/v2\/users\/1"}],"replies":[{"embeddable":true,"href":"http:\/\/collegiale-saint-piat-seclin.fr\/index.php?rest_route=%2Fwp%2Fv2%2Fcomments&post=101"}],"version-history":[{"count":19,"href":"http:\/\/collegiale-saint-piat-seclin.fr\/index.php?rest_route=\/wp\/v2\/pages\/101\/revisions"}],"predecessor-version":[{"id":813,"href":"http:\/\/collegiale-saint-piat-seclin.fr\/index.php?rest_route=\/wp\/v2\/pages\/101\/revisions\/813"}],"up":[{"embeddable":true,"href":"http:\/\/collegiale-saint-piat-seclin.fr\/index.php?rest_route=\/wp\/v2\/pages\/98"}],"wp:attachment":[{"href":"http:\/\/collegiale-saint-piat-seclin.fr\/index.php?rest_route=%2Fwp%2Fv2%2Fmedia&parent=101"}],"curies":[{"name":"wp","href":"https:\/\/api.w.org\/{rel}","templated":true}]}}

<p class="has-extra-small-font-size"><br>Mis à jour le 11 février 2023</p>



<p style="font-size:32px"><strong>Aux origines, un martyr&nbsp;: saint Piat</strong></p>



<p>La collégiale Saint-Piat dresse sa haute silhouette sur la ville de Seclin&nbsp;; c’est l’un des plus anciens édifices religieux de notre région. L’origine du culte à saint Piat remonte à un peu plus de 1&nbsp;700 ans. En effet, Piatus, venu d’Italie à Tournai pour évangéliser le nord de la Gaule, fut martyrisé à Seclin, en l’an 287, sous le règne de l’empereur romain Dioclétien (284-305). Lors des époques de persécutions, les chrétiens prenaient soin de recueillir les corps des martyrs et de les ensevelir, souvent dans un sarcophage, sur le lieu où ils avaient péri&nbsp;; puis, lorsque les circonstances le permettaient, une petite chapelle était érigée, au-dessus du tombeau lui-même. Quatre siècles plus tard, saint Éloi, orfèvre réputé puis conseiller et ministre du roi Dagobert (600-639), se mit en devoir de sillonner nos contrées afin de retrouver et d’honorer les restes des martyrs, parmi lesquels saint Piat. Alors évêque de Noyon et Tournai, il vint à Seclin, vers 640-650, et redécouvrit les ossements qui devinrent, aux yeux de saint Éloi et des fidèles, des reliques. Ainsi s’instaura le culte à saint Piat et commença une mission d’évangélisation.</p>


<div class="wp-block-image is-style-twentytwentyone-border">
<figure class="alignright size-medium"><img loading="lazy" decoding="async" width="300" height="199" src="http://umkjlli.cluster030.hosting.ovh.net/wp-content/uploads/2022/10/HCO16-300x199.jpg" alt="" class="wp-image-102" srcset="http://collegiale-saint-piat-seclin.fr/wp-content/uploads/2022/10/HCO16-300x199.jpg 300w, http://collegiale-saint-piat-seclin.fr/wp-content/uploads/2022/10/HCO16-1024x681.jpg 1024w, http://collegiale-saint-piat-seclin.fr/wp-content/uploads/2022/10/HCO16-768x511.jpg 768w, http://collegiale-saint-piat-seclin.fr/wp-content/uploads/2022/10/HCO16-1536x1021.jpg 1536w, http://collegiale-saint-piat-seclin.fr/wp-content/uploads/2022/10/HCO16-2048x1362.jpg 2048w, http://collegiale-saint-piat-seclin.fr/wp-content/uploads/2022/10/HCO16-1568x1043.jpg 1568w" sizes="auto, (max-width: 300px) 100vw, 300px" /><figcaption class="wp-element-caption">Le tombeau de saint Piat</figcaption></figure>
</div>


<p>Saint Eloi construisit un élégant mausolée sur le tombeau de saint Piat. Les archéologues de Seclin en retrouvèrent les fondations lors des fouilles qu’ils entreprirent rue Abbé Bonpain, en 2011. Il fut détruit par la suite, les ossements de saint Piat étant alors transférés dans le tombeau de la crypte sous la collégiale romane en construction. Dans le chapitre «&nbsp;Les fouilles, un passé redécouvert&nbsp;» des explications sont fournies concernant la découverte de l’ancien mausolée.<br></p>


<div class="wp-block-image is-style-twentytwentyone-border">
<figure class="alignright size-medium"><img loading="lazy" decoding="async" width="199" height="300" src="http://umkjlli.cluster030.hosting.ovh.net/wp-content/uploads/2022/10/HCO17-199x300.jpg" alt="" class="wp-image-103" srcset="http://collegiale-saint-piat-seclin.fr/wp-content/uploads/2022/10/HCO17-199x300.jpg 199w, http://collegiale-saint-piat-seclin.fr/wp-content/uploads/2022/10/HCO17-681x1024.jpg 681w, http://collegiale-saint-piat-seclin.fr/wp-content/uploads/2022/10/HCO17-768x1155.jpg 768w, http://collegiale-saint-piat-seclin.fr/wp-content/uploads/2022/10/HCO17-1021x1536.jpg 1021w, http://collegiale-saint-piat-seclin.fr/wp-content/uploads/2022/10/HCO17-1362x2048.jpg 1362w, http://collegiale-saint-piat-seclin.fr/wp-content/uploads/2022/10/HCO17-1568x2358.jpg 1568w, http://collegiale-saint-piat-seclin.fr/wp-content/uploads/2022/10/HCO17-scaled.jpg 1702w" sizes="auto, (max-width: 199px) 100vw, 199px" /><figcaption class="wp-element-caption">La lame funéraire </figcaption></figure>
</div>


<p>Datée des années 1250-1260, la lame funéraire est en pierre bleue de Tournai. Ses dimensions sont plus grandes que celles du tombeau qu&rsquo;elle surmonte. Brisée en trois morceaux rassemblés par des crochets métalliques, elle est soutenue par trois colonnettes. Un moulage de cette lame a été fait par le Centre archéologique de la Ville ; il est fixé dans le transept sud sur le mur faisant face à l&rsquo;autel de saint Piat.</p>


<div class="wp-block-image is-style-twentytwentyone-border">
<figure class="alignleft size-medium"><img loading="lazy" decoding="async" width="225" height="300" src="http://umkjlli.cluster030.hosting.ovh.net/wp-content/uploads/2022/10/HCO18-225x300.jpg" alt="" class="wp-image-110" srcset="http://collegiale-saint-piat-seclin.fr/wp-content/uploads/2022/10/HCO18-225x300.jpg 225w, http://collegiale-saint-piat-seclin.fr/wp-content/uploads/2022/10/HCO18-768x1024.jpg 768w, http://collegiale-saint-piat-seclin.fr/wp-content/uploads/2022/10/HCO18-1152x1536.jpg 1152w, http://collegiale-saint-piat-seclin.fr/wp-content/uploads/2022/10/HCO18-1536x2048.jpg 1536w, http://collegiale-saint-piat-seclin.fr/wp-content/uploads/2022/10/HCO18-1568x2091.jpg 1568w, http://collegiale-saint-piat-seclin.fr/wp-content/uploads/2022/10/HCO18-scaled.jpg 1920w" sizes="auto, (max-width: 225px) 100vw, 225px" /><figcaption class="wp-element-caption">Moulage de la lame funéraire</figcaption></figure>
</div>


<p></p>



<p></p>



<p></p>



<p></p>



<p></p>



<p></p>



<p></p>



<hr class="wp-block-separator has-alpha-channel-opacity"/>



<p></p>



<p></p>



<p></p>

<p>Mis à jour le 11 février 2023 Aux origines, un martyr&nbsp;: saint Piat La collégiale Saint-Piat dresse sa haute silhouette sur la ville de Seclin&nbsp;; c’est l’un des plus anciens édifices religieux de notre région. L’origine du culte à saint Piat remonte à un peu plus de 1&nbsp;700 ans. En effet, Piatus, venu d’Italie à&hellip; <a class="more-link" href="http://collegiale-saint-piat-seclin.fr/?page_id=101">Poursuivre la lecture <span class="screen-reader-text">Les origines</span></a></p>
